-3*o - 1, 81 = n - 4*o. Calculate the remainder when n is divided by 13.
11
Suppose 10 = 4*t + 5*s - 11, t - 2*s = 15. What is the remainder when 34 is divided by t?
7
Let i(g) = -6*g - 5. Suppose 0 = -2*t - 4*s + 34, 5*t = -6*s + 3*s + 57. What is the remainder when i(-5) is divided by t?
7
Let x be 14/28 - (-10)/4. Suppose 0 = 2*g + 3*p - p - 40, 92 = 5*g - x*p. What is the remainder when 75 is divided by g?
18
Let h(d) be the first derivative of d**3/3 - 5*d**2/2 + d + 1. Let u = 16 + -9. What is the remainder when 43 is divided by h(u)?
13
What is the remainder when 4/((-11)/((-6325)/10)) is divided by 33?
32
Suppose -4*y = 2*q + 6, 0 = 5*q - 4*q - y - 3. Calculate the remainder when 2 is divided by q.
0
Let x(w) = 0*w + 3*w**2 - 4 - w + 4*w. Let c = 2 + -5. Calculate the remainder when x(c) is divided by 8.
6
Let j = 2 + 1. Suppose 0 = -o + j*o - 8. Calculate the remainder when 15 is divided by o.
3
Let w(n) = -16*n + 1. Suppose 0 = -3*z - 4*s - 8 + 1, -4*s = -4*z. What is the remainder when 32 is divided by w(z)?
15
Let a = 2 + -8. Calculate the remainder when 14 is divided by 4/a - 104/(-12).
6
Suppose -9 = d + 3*p - 61, -5*d + 3*p = -170. Calculate the remainder when 106 is divided by d.
32
Let k(r) = -4*r + 8. Let b be k(4). Let t(g) = -g - 3. What is the remainder when 7 is divided by t(b)?
2
Suppose -g + 37 + 49 = 3*m, 0 = -2*m + 2*g + 52. Calculate the remainder when m is divided by (-3)/2*(-100)/15.
8
Suppose -5*c = -i - 2 - 6, 2*c + 4 = 4*i. Let k = 20 + c. Calculate the remainder when k is divided by 6.
4
Suppose o + 5*w - 38 = 0, 0 = -w + 3*w. Let y(u) = -2*u + 1. Let d be y(-5). Suppose -d = -4*h + 41. Calculate the remainder when o is divided by h.
12
Suppose 0 = 4*a + 5*y - 83, 2*a = 6*y - 2*y + 22. What is the remainder when 31 is divided by a?
14
Suppose 0 = -35*k + 39*k - 52. Calculate the remainder when 178 is divided by k.
9
Let m = 55 - 35. What is the remainder when (2 - (-2 - -3))*m is divided by 11?
9
Suppose 5*m - 15 + 65 = 0. Let o = 27 + m. What is the remainder when 67 is divided by o?
16
Let s = -4 + 7. Let q(a) = 3*a**2 - 10*a - 6. What is the remainder when s is divided by q(4)?
1
Suppose 0 = -3*x, -2*m + 3*x + 28 = x. Let t(y) = 54*y**3 + 1. What is the remainder when t(1) is divided by m?
13
Suppose q - 14 = 5*b, -3*b - 30 = -4*q - 8. What is the remainder when 11 is divided by q?
3
Let f(x) = x**3 + 9*x**2 - x + 9. Let v be f(-9). Suppose v = 2*i - 0*i. Calculate the remainder when 43 is divided by i.
7
Let j = 544 + -354. Calculate the remainder when j is divided by 32.
30
Suppose 3*m + 45 - 129 = 3*l, -5*l + 15 = 0. What is the remainder when 61 is divided by m?
30
Suppose -24 = -5*u + 16. What is the remainder when u is divided by 3?
2
Suppose 12 = -3*s, 10 = d - 5*s - 45. What is the remainder when d is divided by 12?
11
Suppose 41 = 5*u - 54. Suppose -3*o + u = -5. Suppose 2*j + 74 - 118 = 0. What is the remainder when j is divided by o?
6
What is the remainder when 1176/39 + (-14)/91 is divided by 8?
6
Calculate the remainder when 14/(-28) + 50/4 is divided by 9.
3
Let w be (-55)/(-4) + 4/16. Let x = 4 - -5. Calculate the remainder when x is divided by w/(-35) + 44/10.
1
Suppose 24 = -0*i + 2*i. Suppose u - 4 + 1 = 0, i = s + 2*u. What is the remainder when 17 is divided by s?
5
Suppose -c - 5*b + 1 = -39, -b + 104 = 5*c. Suppose y - 76 = -3*y. Let o = y - -38. Calculate the remainder when o is divided by c.
17
Suppose -3*x + 8*x = 670. Suppose 0 = 3*u + 4*v - 113, u - 5*u + x = 2*v. Calculate the remainder when u is divided by 8.
7
Suppose i + 4*i = -2*a + 85, 65 = 5*i - 2*a. What is the remainder when 18 is divided by i?
3
Let t = 114 + -47. What is the remainder when t is divided by 17?
16
Let k = -1 - -1. Let p = 29 + k. What is the remainder when p is divided by 15?
14
Let x = -30 - -39. What is the remainder when 33 is divided by x?
6
Suppose 3*l = -l + 52. Calculate the remainder when 63 is divided by l.
11
Let u(t) = -t**2 + 3*t + 6. Let q be u(5). Let m(h) = -h**2 - 3*h + 4. Let p be m(q). Suppose -k + 15 = -p*k. What is the remainder when k is divided by 8?
7
Let l(h) = 33*h**2 - 3. Let q(i) = 50*i**2 - 5. Let t(n) = 8*l(n) - 5*q(n). What is the remainder when t(1) is divided by 6?
3
Let p = 33 + -23. Suppose 0 = 3*b + 4 - 142. What is the remainder when b is divided by 160/p*(-2)/(-2)?
14
Suppose 4 = y - 4. Let f be ((-4)/(-3))/(28/315). Let g = f - y. What is the remainder when g is divided by 4?
3
Suppose -3*t - t = -g - 173, -3*t - 2*g + 127 = 0. Let o(h) = -h**3 - 8*h**2 - 10*h - 6. What is the remainder when t is divided by o(-7)?
13
Let u(n) = n**2 - 4*n - 4. What is the remainder when u(-7) is divided by 15?
13
Let d = 150 - 85. What is the remainder when d is divided by ((-44)/6)/((-4)/12)?
21
Let u(x) = x**2 - 6*x + 3. Let b be u(5). Let f be 4/(-2) - 3*b. Suppose 19 = 2*h - 3*c + f*c, -4 = -2*h + 2*c. What is the remainder when 20 is divided by h?
6
Calculate the remainder when (-1)/(2/(-62) + 0) is divided by 16.
15
Let r(p) = -5*p + 1. Let x be r(1). What is the remainder when (-1)/x*0 + 5 is divided by 4?
1
Suppose 0 = 3*f - 70 + 16. Suppose -u - 4*r + f = -2*r, r = -2*u + 36. Suppose 3*d = -3*m + 22 + 2, -m + u = 3*d. What is the remainder when d is divided by 2?
1
Let h = 249 - 112. Calculate the remainder when h is divided by 28.
25
Let i = 104 - 82. What is the remainder when i is divided by 12?
10
Calculate the remainder when 117 is divided by (-20)/(-100) + 168/10.
15
Let g = -4 - -2. Let f = 18 + g. What is the remainder when 63 is divided by f?
15
Let s(p) = -p**3 - 3*p**2. Let c be s(-3). Let q = c + 0. Suppose q*b = -3*b + 57. What is the remainder when b is divided by 7?
5
Let u(t) = 34*t**2 + 2. Calculate the remainder when 106 is divided by u(-1).
34
Calculate the remainder when (6/3)/2 + 28 is divided by 17.
12
Let u = 91 - 79. What is the remainder when u is divided by 6?
0
Let z = 40 + -31. What is the remainder when 62 is divided by z?
8
Let y = -19 + 30. Suppose 2*c = 8*c - 186. Calculate the remainder when c is divided by y.
9
Let z be (-4)/(17/(-5) + 3). Let s = -6 + z. What is the remainder when 1/(-2) - (-162)/s is divided by 14?
12
Suppose -2*u + 3*u - 9 = -2*d, 3*u = 2*d - 21. Suppose 0 = 3*c - d*c. Let g(y) = -y**3 + y**2 + y + 8. What is the remainder when 22 is divided by g(c)?
6
Suppose 2*t = -0*t - 2. Let l(f) = 6*f**2 - f - 2. Calculate the remainder when 12 is divided by l(t).
2
Let c(s) = -8*s + 5. Calculate the remainder when 71 is divided by c(-4).
34
Calculate the remainder when 6 is divided by (-3)/2*(5 + 3)/(-4).
0
Let k(q) be the third derivative of q**5/60 + 11*q**4/24 + q**3 + 3*q**2. Calculate the remainder when 23 is divided by k(-11).
5
Let i(w) = w + 16. Suppose 13 = -3*o + 5*r, -o = -0*o + 5*r + 31. What is the remainder when i(o) is divided by 3?
2
Suppose 80 = -v + 2*v. What is the remainder when v is divided by 14?
10
Suppose -2*v + a - 4*a + 6 = 0, -5*v + a = -32. Suppose 0*d + 15 = d. What is the remainder when d is divided by v?
3
Suppose 3*z - 4*b - 128 = 0, 5*z - 6*b + b = 210. Calculate the remainder when z is divided by 12.
4
Suppose -5*j + 18 + 77 = 0. Let r(t) = -7*t + 12. Calculate the remainder when r(-6) is divided by j.
16
Suppose -2*z = z + 84. Let d = -19 - -36. What is the remainder when z*1/(-4)*7 is divided by d?
15
Suppose 4*a - 3*a - 197 = 0. What is the remainder when (-7)/(-42) + a/6 is divided by 9?
6
What is the remainder when 32 is divided by (1 + 1)*(-136)/(-16)?
15
Suppose 5*f = 4*s - 204, 5*s = 5*f - 132 + 387. Calculate the remainder when s is divided by 18.
15
Let n(l) = l - 8. Let w be n(-6). Let y = w + 20. Let o = 33 - 16. Calculate the remainder when o is divided by y.
5
Let d = 162 - 4. What is the remainder when d is divided by 27?
23
Suppose 5*v - v = 16. Let c = 27 + v. Suppose -4*k + 20 = 3*s, 3*s + 9 = -5*k + c. Calculate the remainder when s is divided by 3.
1
Let c = 15 + 144. What is the remainder when c is divided by 32?
31
Let b(g) be the third derivative of g**5/10 - g**4/12 + g**2. What is the remainder when b(2) is divided by (-2)/3*(-63)/6?
6
Let g(t) = 20*t + 2. Calculate the remainder when g(2) is divided by 11.
9
What is the remainder when 10/4*152/10 is divided by ((-6)/(-